{"id":2164,"date":"2023-05-09T19:26:18","date_gmt":"2023-05-09T19:26:18","guid":{"rendered":"https:\/\/lassonde.yorku.ca\/civil\/?page_id=2164"},"modified":"2023-11-14T19:58:11","modified_gmt":"2023-11-14T19:58:11","slug":"adjunct-professors-table","status":"publish","type":"page","link":"https:\/\/lassonde.yorku.ca\/civil\/people\/adjunct-professors-table\/","title":{"rendered":"Adjunct Professors Table"},"content":{"rendered":"\n<table id=\"tablepress-4\" class=\"tablepress tablepress-id-4\">\n<thead>\n<tr class=\"row-1\">\n\t<th class=\"column-1\">Full Name<\/th><th class=\"column-2\">Title<\/th><th class=\"column-3\">AFFILIATION<\/th>\n<\/tr>\n<\/thead>\n<tbody class=\"row-striping row-hover\">\n<tr class=\"row-2\">\n\t<td class=\"column-1\">Al-Hamd, Rwayda<\/td><td class=\"column-2\">Lecturer<\/td><td class=\"column-3\">Abertay University<\/td>\n<\/tr>\n<tr class=\"row-3\">\n\t<td class=\"column-1\">Alobaidi, Mohammad H.<\/td><td class=\"column-2\">Research Officer &amp; Lecturer<\/td><td class=\"column-3\">Aerospace Research Centre, National Research Council Canada\/McGill University<\/td>\n<\/tr>\n<tr class=\"row-4\">\n\t<td class=\"column-1\">Ali, Syed Imran<\/td><td class=\"column-2\">Research Fellow<\/td><td class=\"column-3\">Dahdaleh Institute for Global Health Research at York University<\/td>\n<\/tr>\n<tr class=\"row-5\">\n\t<td class=\"column-1\">Avalos Ramirez, Antonio<\/td><td class=\"column-2\">Researcher in environmental technologies<\/td><td class=\"column-3\">Centre National en \u00c9lectrochimie et en Technologies Environnementales Inc.<\/td>\n<\/tr>\n<tr class=\"row-6\">\n\t<td class=\"column-1\">Bahrani, Navid<\/td><td class=\"column-2\">Associate Professor<\/td><td class=\"column-3\">Dalhousie University<\/td>\n<\/tr>\n<tr class=\"row-7\">\n\t<td class=\"column-1\">Balachandar, Ram<\/td><td class=\"column-2\">Professor<\/td><td class=\"column-3\">University of Windsor<\/td>\n<\/tr>\n<tr class=\"row-8\">\n\t<td class=\"column-1\">Basu, Dipanjan<\/td><td class=\"column-2\">Professor<\/td><td class=\"column-3\">University of Waterloo<\/td>\n<\/tr>\n<tr class=\"row-9\">\n\t<td class=\"column-1\">Beullac, Bruno<\/td><td class=\"column-2\">Civil engineer, hydraulic structures and risks<\/td><td class=\"column-3\">INRAE<\/td>\n<\/tr>\n<tr class=\"row-10\">\n\t<td class=\"column-1\">Bo, Myint Win<\/td><td class=\"column-2\">President  &amp; CEO<\/td><td class=\"column-3\">Bo &amp; Associates Inc.<\/td>\n<\/tr>\n<tr class=\"row-11\">\n\t<td class=\"column-1\">Cao, Laifa<\/td><td class=\"column-2\"><\/td><td class=\"column-3\"><\/td>\n<\/tr>\n<tr class=\"row-12\">\n\t<td class=\"column-1\">Carvajal, Claudio<\/td><td class=\"column-2\">Research Engineer in Civil Engineering of Dams and hydraulic structures<\/td><td class=\"column-3\">INRAE<\/td>\n<\/tr>\n<tr class=\"row-13\">\n\t<td class=\"column-1\">Cascante, Giovanni<\/td><td class=\"column-2\">Professor<\/td><td class=\"column-3\">University of Waterloo<\/td>\n<\/tr>\n<tr class=\"row-14\">\n\t<td class=\"column-1\">Depew, David <\/td><td class=\"column-2\">Research Scientist<\/td><td class=\"column-3\">Environment and Climate Change Canada<\/td>\n<\/tr>\n<tr class=\"row-15\">\n\t<td class=\"column-1\">Genikomsou, Aikaterini<\/td><td class=\"column-2\">Assistant Professor<\/td><td class=\"column-3\">Queens University<\/td>\n<\/tr>\n<tr class=\"row-16\">\n\t<td class=\"column-1\">Ghassemi, A.<\/td><td class=\"column-2\">Senior Geotechnical Engineer<\/td><td class=\"column-3\">GHD <\/td>\n<\/tr>\n<tr class=\"row-17\">\n\t<td class=\"column-1\">Javankhoshdel, Sina<\/td><td class=\"column-2\">Geomechanics Product Manager<\/td><td class=\"column-3\">Rocscience Inc<\/td>\n<\/tr>\n<tr class=\"row-18\">\n\t<td class=\"column-1\">Kaur, Guneet<\/td><td class=\"column-2\">Assistant Professor<\/td><td class=\"column-3\">University of Guelph<\/td>\n<\/tr>\n<tr class=\"row-19\">\n\t<td class=\"column-1\">Keech, Peter<\/td><td class=\"column-2\">Manager Engineered Barrier Science<\/td><td class=\"column-3\">Nuclear Waste Management Organization<\/td>\n<\/tr>\n<tr class=\"row-20\">\n\t<td class=\"column-1\">Khan, Ata M.<\/td><td class=\"column-2\">Professor Emeritus<\/td><td class=\"column-3\">Carleton University<\/td>\n<\/tr>\n<tr class=\"row-21\">\n\t<td class=\"column-1\">Kinsey, Michael<\/td><td class=\"column-2\">Executive Advisor<\/td><td class=\"column-3\">Movement Strategies<\/td>\n<\/tr>\n<tr class=\"row-22\">\n\t<td class=\"column-1\">Kotsovinos, Panagiotis<\/td><td class=\"column-2\">Senior Fire Engineer<\/td><td class=\"column-3\">Arup<\/td>\n<\/tr>\n<tr class=\"row-23\">\n\t<td class=\"column-1\">Koubaa, Ahmed<\/td><td class=\"column-2\">Professor<\/td><td class=\"column-3\">Universit\u00e9 du Qu\u00e9bec en Abitibi-T\u00e9miscamingue<\/td>\n<\/tr>\n<tr class=\"row-24\">\n\t<td class=\"column-1\">Krishnamoorthy Hegde<\/td><td class=\"column-2\"><\/td><td class=\"column-3\">York University<\/td>\n<\/tr>\n<tr class=\"row-25\">\n\t<td class=\"column-1\">Kumar, Pratik<\/td><td class=\"column-2\">Assistant Professor<\/td><td class=\"column-3\">Indian Institute of Technology<\/td>\n<\/tr>\n<tr class=\"row-26\">\n\t<td class=\"column-1\">Magdouli, Sara<\/td><td class=\"column-2\">Market Leader, Mining<\/td><td class=\"column-3\">BluMetric Environmental<\/td>\n<\/tr>\n<tr class=\"row-27\">\n\t<td class=\"column-1\">Martel, Richard<\/td><td class=\"column-2\">Professor and Researcher<\/td><td class=\"column-3\">INRS<\/td>\n<\/tr>\n<tr class=\"row-28\">\n\t<td class=\"column-1\">Molnar, Ian<\/td><td class=\"column-2\">Lecturer<\/td><td class=\"column-3\">University of Edinburgh<\/td>\n<\/tr>\n<tr class=\"row-29\">\n\t<td class=\"column-1\">Murray, Audrey<\/td><td class=\"column-2\">Research Scientist<\/td><td class=\"column-3\">Agriculture and Agrifood Canada<\/td>\n<\/tr>\n<tr class=\"row-30\">\n\t<td class=\"column-1\">No\u00ebl, Martin<\/td><td class=\"column-2\">Associate Professor<\/td><td class=\"column-3\">University of Ottawa<\/td>\n<\/tr>\n<tr class=\"row-31\">\n\t<td class=\"column-1\">Papoulia, Katerina Demetra<\/td><td class=\"column-2\">Principal<\/td><td class=\"column-3\">Tesserae Solutions Engineering<\/td>\n<\/tr>\n<tr class=\"row-32\">\n\t<td class=\"column-1\">Peyras, Laurent<\/td><td class=\"column-2\">Senior Civil Engineer, Risks, Ecosystems, Vulnerability, Environment, Resilience Research Unit<\/td><td class=\"column-3\">INRAE<\/td>\n<\/tr>\n<tr class=\"row-33\">\n\t<td class=\"column-1\">Pulicharla, Rama<\/td><td class=\"column-2\">Postdoctoral Researcher<\/td><td class=\"column-3\">Department of Civil Engineering<\/td>\n<\/tr>\n<tr class=\"row-34\">\n\t<td class=\"column-1\">Saiyed, Sabbir<\/td><td class=\"column-2\">Manager, Transportation System Planning<\/td><td class=\"column-3\">Region of Peel<\/td>\n<\/tr>\n<tr class=\"row-35\">\n\t<td class=\"column-1\">Sauv\u00e9, S\u00e9bastien<\/td><td class=\"column-2\">Professor<\/td><td class=\"column-3\">Universit\u00e9 de Montr\u00e9al<\/td>\n<\/tr>\n<tr class=\"row-36\">\n\t<td class=\"column-1\">Shafiee, Mohammad<\/td><td class=\"column-2\">Research Officer<\/td><td class=\"column-3\">National Research Council Canada<\/td>\n<\/tr>\n<tr class=\"row-37\">\n\t<td class=\"column-1\">Shi, John Xiaogang<\/td><td class=\"column-2\">Senior Lecturer (Associate Professor)<\/td><td class=\"column-3\">School of Social &amp; Environmental Sustainability, University of Glasgow<\/td>\n<\/tr>\n<tr class=\"row-38\">\n\t<td class=\"column-1\">Simms, Paul<\/td><td class=\"column-2\">Professor<\/td><td class=\"column-3\">Carleton University<\/td>\n<\/tr>\n<tr class=\"row-39\">\n\t<td class=\"column-1\">Tsanis, Ioannis K.<\/td><td class=\"column-2\">Professor Emeritus<\/td><td class=\"column-3\">McMaster University<\/td>\n<\/tr>\n<tr class=\"row-40\">\n\t<td class=\"column-1\">Valipour, Reza<\/td><td class=\"column-2\">Research Scientist<\/td><td class=\"column-3\">Environment and Climate Change Canada<\/td>\n<\/tr>\n<tr class=\"row-41\">\n\t<td class=\"column-1\">Ziegler, Martin<\/td><td class=\"column-2\">Senior Scientist<\/td><td class=\"column-3\">Federal Office of Topography (swisstopo)<\/td>\n<\/tr>\n<\/tbody>\n<\/table>\n<!-- #tablepress-4 from cache -->","protected":false},"excerpt":{"rendered":"","protected":false},"author":174,"featured_media":0,"parent":19,"menu_order":0,"comment_status":"closed","ping_status":"closed","template":"page-templates\/calendar.php","meta":{"_relevanssi_hide_post":"","_relevanssi_hide_content":"","_relevanssi_pin_for_all":"","_relevanssi_pin_keywords":"","_relevanssi_unpin_keywords":"","_relevanssi_related_keywords":"","_relevanssi_related_include_ids":"","_relevanssi_related_exclude_ids":"","_relevanssi_related_no_append":"","_relevanssi_related_not_related":"","_relevanssi_related_posts":"","_relevanssi_noindex_reason":"","_monsterinsights_skip_tracking":false,"_monsterinsights_sitenote_active":false,"_monsterinsights_sitenote_note":"","_monsterinsights_sitenote_category":0,"footnotes":""},"categories":[],"tags":[],"class_list":["post-2164","page","type-page","status-publish","hentry"],"yoast_head":"<!-- This site is optimized with the Yoast SEO plugin v26.9 - https:\/\/yoast.com\/product\/yoast-seo-wordpress\/ -->\n<title>Adjunct Professors Table | Civil Engineering<\/title>\n<meta name=\"robots\" content=\"index, follow, max-snippet:-1, max-image-preview:large, max-video-preview:-1\" \/>\n<link rel=\"canonical\" href=\"https:\/\/lassonde.yorku.ca\/civil\/people\/adjunct-professors-table\/\" \/>\n<meta property=\"og:locale\" content=\"en_US\" \/>\n<meta property=\"og:type\" content=\"article\" \/>\n<meta property=\"og:title\" content=\"Adjunct Professors Table | Civil Engineering\" \/>\n<meta property=\"og:url\" content=\"https:\/\/lassonde.yorku.ca\/civil\/people\/adjunct-professors-table\/\" \/>\n<meta property=\"og:site_name\" content=\"Civil Engineering\" \/>\n<meta property=\"article:modified_time\" content=\"2023-11-14T19:58:11+00:00\" \/>\n<meta name=\"twitter:card\" content=\"summary_large_image\" \/>\n<meta name=\"twitter:label1\" content=\"Est. reading time\" \/>\n\t<meta name=\"twitter:data1\" content=\"1 minute\" \/>\n<script type=\"application\/ld+json\" class=\"yoast-schema-graph\">{\"@context\":\"https:\/\/schema.org\",\"@graph\":[{\"@type\":\"WebPage\",\"@id\":\"https:\/\/lassonde.yorku.ca\/civil\/people\/adjunct-professors-table\/\",\"url\":\"https:\/\/lassonde.yorku.ca\/civil\/people\/adjunct-professors-table\/\",\"name\":\"Adjunct Professors Table | Civil Engineering\",\"isPartOf\":{\"@id\":\"https:\/\/lassonde.yorku.ca\/civil\/#website\"},\"datePublished\":\"2023-05-09T19:26:18+00:00\",\"dateModified\":\"2023-11-14T19:58:11+00:00\",\"breadcrumb\":{\"@id\":\"https:\/\/lassonde.yorku.ca\/civil\/people\/adjunct-professors-table\/#breadcrumb\"},\"inLanguage\":\"en-US\",\"potentialAction\":[{\"@type\":\"ReadAction\",\"target\":[\"https:\/\/lassonde.yorku.ca\/civil\/people\/adjunct-professors-table\/\"]}]},{\"@type\":\"BreadcrumbList\",\"@id\":\"https:\/\/lassonde.yorku.ca\/civil\/people\/adjunct-professors-table\/#breadcrumb\",\"itemListElement\":[{\"@type\":\"ListItem\",\"position\":1,\"name\":\"Home\",\"item\":\"https:\/\/lassonde.yorku.ca\/civil\/\"},{\"@type\":\"ListItem\",\"position\":2,\"name\":\"People\",\"item\":\"https:\/\/lassonde.yorku.ca\/civil\/people\/\"},{\"@type\":\"ListItem\",\"position\":3,\"name\":\"Adjunct Professors Table\"}]},{\"@type\":\"WebSite\",\"@id\":\"https:\/\/lassonde.yorku.ca\/civil\/#website\",\"url\":\"https:\/\/lassonde.yorku.ca\/civil\/\",\"name\":\"Civil Engineering\",\"description\":\"Just another Lassonde - Site Network Sites site\",\"potentialAction\":[{\"@type\":\"SearchAction\",\"target\":{\"@type\":\"EntryPoint\",\"urlTemplate\":\"https:\/\/lassonde.yorku.ca\/civil\/?s={search_term_string}\"},\"query-input\":{\"@type\":\"PropertyValueSpecification\",\"valueRequired\":true,\"valueName\":\"search_term_string\"}}],\"inLanguage\":\"en-US\"}]}<\/script>\n<!-- \/ Yoast SEO plugin. -->","yoast_head_json":{"title":"Adjunct Professors Table | Civil Engineering","robots":{"index":"index","follow":"follow","max-snippet":"max-snippet:-1","max-image-preview":"max-image-preview:large","max-video-preview":"max-video-preview:-1"},"canonical":"https:\/\/lassonde.yorku.ca\/civil\/people\/adjunct-professors-table\/","og_locale":"en_US","og_type":"article","og_title":"Adjunct Professors Table | Civil Engineering","og_url":"https:\/\/lassonde.yorku.ca\/civil\/people\/adjunct-professors-table\/","og_site_name":"Civil Engineering","article_modified_time":"2023-11-14T19:58:11+00:00","twitter_card":"summary_large_image","twitter_misc":{"Est. reading time":"1 minute"},"schema":{"@context":"https:\/\/schema.org","@graph":[{"@type":"WebPage","@id":"https:\/\/lassonde.yorku.ca\/civil\/people\/adjunct-professors-table\/","url":"https:\/\/lassonde.yorku.ca\/civil\/people\/adjunct-professors-table\/","name":"Adjunct Professors Table | Civil Engineering","isPartOf":{"@id":"https:\/\/lassonde.yorku.ca\/civil\/#website"},"datePublished":"2023-05-09T19:26:18+00:00","dateModified":"2023-11-14T19:58:11+00:00","breadcrumb":{"@id":"https:\/\/lassonde.yorku.ca\/civil\/people\/adjunct-professors-table\/#breadcrumb"},"inLanguage":"en-US","potentialAction":[{"@type":"ReadAction","target":["https:\/\/lassonde.yorku.ca\/civil\/people\/adjunct-professors-table\/"]}]},{"@type":"BreadcrumbList","@id":"https:\/\/lassonde.yorku.ca\/civil\/people\/adjunct-professors-table\/#breadcrumb","itemListElement":[{"@type":"ListItem","position":1,"name":"Home","item":"https:\/\/lassonde.yorku.ca\/civil\/"},{"@type":"ListItem","position":2,"name":"People","item":"https:\/\/lassonde.yorku.ca\/civil\/people\/"},{"@type":"ListItem","position":3,"name":"Adjunct Professors Table"}]},{"@type":"WebSite","@id":"https:\/\/lassonde.yorku.ca\/civil\/#website","url":"https:\/\/lassonde.yorku.ca\/civil\/","name":"Civil Engineering","description":"Just another Lassonde - Site Network Sites site","potentialAction":[{"@type":"SearchAction","target":{"@type":"EntryPoint","urlTemplate":"https:\/\/lassonde.yorku.ca\/civil\/?s={search_term_string}"},"query-input":{"@type":"PropertyValueSpecification","valueRequired":true,"valueName":"search_term_string"}}],"inLanguage":"en-US"}]}},"_links":{"self":[{"href":"https:\/\/lassonde.yorku.ca\/civil\/wp-json\/wp\/v2\/pages\/2164","targetHints":{"allow":["GET"]}}],"collection":[{"href":"https:\/\/lassonde.yorku.ca\/civil\/wp-json\/wp\/v2\/pages"}],"about":[{"href":"https:\/\/lassonde.yorku.ca\/civil\/wp-json\/wp\/v2\/types\/page"}],"author":[{"embeddable":true,"href":"https:\/\/lassonde.yorku.ca\/civil\/wp-json\/wp\/v2\/users\/174"}],"replies":[{"embeddable":true,"href":"https:\/\/lassonde.yorku.ca\/civil\/wp-json\/wp\/v2\/comments?post=2164"}],"version-history":[{"count":3,"href":"https:\/\/lassonde.yorku.ca\/civil\/wp-json\/wp\/v2\/pages\/2164\/revisions"}],"predecessor-version":[{"id":2169,"href":"https:\/\/lassonde.yorku.ca\/civil\/wp-json\/wp\/v2\/pages\/2164\/revisions\/2169"}],"up":[{"embeddable":true,"href":"https:\/\/lassonde.yorku.ca\/civil\/wp-json\/wp\/v2\/pages\/19"}],"wp:attachment":[{"href":"https:\/\/lassonde.yorku.ca\/civil\/wp-json\/wp\/v2\/media?parent=2164"}],"wp:term":[{"taxonomy":"category","embeddable":true,"href":"https:\/\/lassonde.yorku.ca\/civil\/wp-json\/wp\/v2\/categories?post=2164"},{"taxonomy":"post_tag","embeddable":true,"href":"https:\/\/lassonde.yorku.ca\/civil\/wp-json\/wp\/v2\/tags?post=2164"}],"curies":[{"name":"wp","href":"https:\/\/api.w.org\/{rel}","templated":true}]}}