{"id":1852,"date":"2025-03-28T17:46:04","date_gmt":"2025-03-28T17:46:04","guid":{"rendered":"https:\/\/lassonde.yorku.ca\/tabes\/?page_id=1852"},"modified":"2025-03-29T14:28:03","modified_gmt":"2025-03-29T14:28:03","slug":"awards-and-achievements","status":"publish","type":"page","link":"https:\/\/lassonde.yorku.ca\/tabes\/awards-and-achievements\/","title":{"rendered":"Awards and Achievements"},"content":{"rendered":"\n<div style=\"height:35px\" aria-hidden=\"true\" class=\"wp-block-spacer\"><\/div>\n\n\n\n<h2 class=\"wp-block-heading\"><strong>Prestigious scholarships and recognitions<\/strong><\/h2>\n\n\n\n<div style=\"height:35px\" aria-hidden=\"true\" class=\"wp-block-spacer\"><\/div>\n\n\n\n<ul class=\"wp-block-list\">\n<li>One of our master&#8217;s students was awarded the prestigious Erasmus+ International Credit Mobility program, allowing her to participate in a two-month student exchange for collaborative research at the University of Boras, Sweden.<\/li>\n\n\n\n<li>One of our students had their poster,\u00a0&#8220;The Emerging Biodiversity Market: The Conservation Impact Bond in Southwestern Ontario,&#8221;\u00a0accepted by the United Nations&#8217; science-policy platform for Biodiversity and Ecosystem Services (IPBES). It was displayed in person at the 10th Plenary Stakeholder Day, representing York University and focusing on educating the public about environmental finance tools.<\/li>\n\n\n\n<li>A student was awarded the Mitacs Globalink Research Award to conduct research at the University of Minho in Portugal from April 2022 to March 2023.<\/li>\n<\/ul>\n\n\n\n<div style=\"height:35px\" aria-hidden=\"true\" class=\"wp-block-spacer\"><\/div>\n\n\n\n<h2 class=\"wp-block-heading\">Other Awards and<strong> Recognition<\/strong><\/h2>\n\n\n\n<div style=\"height:35px\" aria-hidden=\"true\" class=\"wp-block-spacer\"><\/div>\n\n\n\n<figure class=\"wp-block-table aligncenter is-style-stripes\"><table class=\"has-fixed-layout\"><tbody><tr><td class=\"has-text-align-left\" data-align=\"left\"><strong>Awards\/Recognition<\/strong><\/td><td class=\"has-text-align-center\" data-align=\"center\"><strong>Number of trainees awarded<\/strong><\/td><\/tr><tr><td class=\"has-text-align-left\" data-align=\"left\">Lassonde entrance scholarship<\/td><td class=\"has-text-align-center\" data-align=\"center\">2<\/td><\/tr><tr><td class=\"has-text-align-left\" data-align=\"left\">Faculty of graduate studies scholarship<\/td><td class=\"has-text-align-center\" data-align=\"center\">1<\/td><\/tr><tr><td class=\"has-text-align-left\" data-align=\"left\">Ontario Graduate Scholarship<\/td><td class=\"has-text-align-center\" data-align=\"center\">1<\/td><\/tr><tr><td class=\"has-text-align-left\" data-align=\"left\">The Studentship for Doctoral Research &#8211; FCT: Foundation for Science and Technology&nbsp;<\/td><td class=\"has-text-align-center\" data-align=\"center\">1<\/td><\/tr><tr><td class=\"has-text-align-left\" data-align=\"left\">The Mitacs Globalink Research Award (GRA)<\/td><td class=\"has-text-align-center\" data-align=\"center\">1<\/td><\/tr><tr><td class=\"has-text-align-left\" data-align=\"left\">Erasmus+ International Credit Mobility award<\/td><td class=\"has-text-align-center\" data-align=\"center\">1<\/td><\/tr><tr><td class=\"has-text-align-left\" data-align=\"left\">University of Manitoba Graduate Fellowship<\/td><td class=\"has-text-align-center\" data-align=\"center\">1<\/td><\/tr><tr><td class=\"has-text-align-left\" data-align=\"left\">Academic Excellence Award for CSBE\/SGBE Conference support<\/td><td class=\"has-text-align-center\" data-align=\"center\">1<\/td><\/tr><tr><td class=\"has-text-align-left\" data-align=\"left\">Best oral presentation award at the Journ\u00e9e Qu\u00e9b\u00e9coise \u00e9tudiante Centreau conference<\/td><td class=\"has-text-align-center\" data-align=\"center\">1<\/td><\/tr><tr><td class=\"has-text-align-left\" data-align=\"left\">Second prize at the INRS institutional final of the &#8220;Ma th\u00e8se en 180 secondes&#8221; competition (French version)<\/td><td class=\"has-text-align-center\" data-align=\"center\">1<\/td><\/tr><tr><td class=\"has-text-align-left\" data-align=\"left\">Sustainable Development Goal (SDG) Award for the best oral presentation at the INRS Scientific Day conference<\/td><td class=\"has-text-align-center\" data-align=\"center\">1<\/td><\/tr><tr><td class=\"has-text-align-left\" data-align=\"left\">Award for the best poster presentation at the &#8220;Journ\u00e9e Eau: La recherche au service du secteur municipal et priv\u00e9&#8221;<\/td><td class=\"has-text-align-center\" data-align=\"center\">1<\/td><\/tr><tr><td class=\"has-text-align-left\" data-align=\"left\">Award for the best &#8220;Flash Talk&#8221; presentation at the CIAPE Scientific Symposium<\/td><td class=\"has-text-align-center\" data-align=\"center\">1<\/td><\/tr><tr><td class=\"has-text-align-left\" data-align=\"left\">Award for the best 3-minute oral presentation at the 37th Eastern Canada Water Quality Research Symposium<\/td><td class=\"has-text-align-center\" data-align=\"center\">1<\/td><\/tr><tr><td class=\"has-text-align-left\" data-align=\"left\">First prize at the INRS institutional final of the &#8220;My Thesis in 3 Minutes&#8221; competition, English version<\/td><td class=\"has-text-align-center\" data-align=\"center\">1<\/td><\/tr><tr><td class=\"has-text-align-left\" data-align=\"left\">Award for the best Sustainable Development Goal (SDG) poster presentation at the INRS Scientific Day conference<\/td><td class=\"has-text-align-center\" data-align=\"center\">1<\/td><\/tr><\/tbody><\/table><\/figure>\n\n\n\n<p><\/p>\n","protected":false},"excerpt":{"rendered":"<p>Prestigious scholarships and recognitions Other Awards and Recognition Awards\/Recognition Number of trainees awarded Lassonde entrance scholarship 2 Faculty of graduate studies scholarship 1 Ontario Graduate Scholarship 1 The Studentship for Doctoral Research &#8211; FCT: Foundation for Science and Technology&nbsp; 1 The Mitacs Globalink Research Award (GRA) 1 Erasmus+ International Credit Mobility award 1 University of&#8230;<\/p>\n","protected":false},"author":171,"featured_media":0,"parent":0,"menu_order":0,"comment_status":"closed","ping_status":"closed","template":"","meta":{"_monsterinsights_skip_tracking":false,"_monsterinsights_sitenote_active":false,"_monsterinsights_sitenote_note":"","_monsterinsights_sitenote_category":0,"footnotes":""},"categories":[],"tags":[],"class_list":["post-1852","page","type-page","status-publish","hentry"],"aioseo_notices":[],"publishpress_future_action":{"enabled":false,"date":"2026-05-20 06:52:59","action":"change-status","newStatus":"draft","terms":[],"taxonomy":"category","extraData":[]},"publishpress_future_workflow_manual_trigger":{"enabledWorkflows":[]},"_links":{"self":[{"href":"https:\/\/lassonde.yorku.ca\/tabes\/wp-json\/wp\/v2\/pages\/1852","targetHints":{"allow":["GET"]}}],"collection":[{"href":"https:\/\/lassonde.yorku.ca\/tabes\/wp-json\/wp\/v2\/pages"}],"about":[{"href":"https:\/\/lassonde.yorku.ca\/tabes\/wp-json\/wp\/v2\/types\/page"}],"author":[{"embeddable":true,"href":"https:\/\/lassonde.yorku.ca\/tabes\/wp-json\/wp\/v2\/users\/171"}],"replies":[{"embeddable":true,"href":"https:\/\/lassonde.yorku.ca\/tabes\/wp-json\/wp\/v2\/comments?post=1852"}],"version-history":[{"count":6,"href":"https:\/\/lassonde.yorku.ca\/tabes\/wp-json\/wp\/v2\/pages\/1852\/revisions"}],"predecessor-version":[{"id":1891,"href":"https:\/\/lassonde.yorku.ca\/tabes\/wp-json\/wp\/v2\/pages\/1852\/revisions\/1891"}],"wp:attachment":[{"href":"https:\/\/lassonde.yorku.ca\/tabes\/wp-json\/wp\/v2\/media?parent=1852"}],"wp:term":[{"taxonomy":"category","embeddable":true,"href":"https:\/\/lassonde.yorku.ca\/tabes\/wp-json\/wp\/v2\/categories?post=1852"},{"taxonomy":"post_tag","embeddable":true,"href":"https:\/\/lassonde.yorku.ca\/tabes\/wp-json\/wp\/v2\/tags?post=1852"}],"curies":[{"name":"wp","href":"https:\/\/api.w.org\/{rel}","templated":true}]}}